divided by 394.
22
Calculate the remainder when 812537 is divided by 1825.
412
Calculate the remainder when 578865622 is divided by 13.
10
Calculate the remainder when 105520 is divided by 103702.
1818
Calculate the remainder when 5135119 is divided by 95.
84
What is the remainder when 803764393 is divided by 245?
243
What is the remainder when 1026638 is divided by 1680?
158
Calculate the remainder when 43068877 is divided by 3589073.
1
What is the remainder when 1919169 is divided by 92?
49
What is the remainder when 5772790 is divided by 15859?
114
Calculate the remainder when 49560 is divided by 725.
260
Calculate the remainder when 31171 is divided by 121.
74
What is the remainder when 39675820 is divided by 4405?
4390
Calculate the remainder when 58719070 is divided by 2024795.
15
What is the remainder when 1670671 is divided by 119?
30
What is the remainder when 276708 is divided by 495?
3
Calculate the remainder when 48534 is divided by 9692.
74
What is the remainder when 12880 is divided by 12571?
309
Calculate the remainder when 274472 is divided by 273662.
810
Calculate the remainder when 112434 is divided by 883.
293
What is the remainder when 130474 is divided by 13?
6
Calculate the remainder when 12047327 is divided by 59.
58
Calculate the remainder when 192952316 is divided by 80.
76
Calculate the remainder when 5872614 is divided by 100.
14
Calculate the remainder when 6167901 is divided by 4193.
4191
Calculate the remainder when 1351743 is divided by 1247.
1242
What is the remainder when 92797 is divided by 899?
200
Calculate the remainder when 10358865 is divided by 65980.
5
What is the remainder when 2178171 is divided by 416?
411
Calculate the remainder when 1079125 is divided by 78.
73
Calculate the remainder when 6851512 is divided by 1248.
1240
Calculate the remainder when 203637 is divided by 31.
29
What is the remainder when 886334 is divided by 889?
1
What is the remainder when 181557 is divided by 6073?
5440
Calculate the remainder when 39678853 is divided by 1010.
1003
Calculate the remainder when 2677209 is divided by 334526.
1001
What is the remainder when 7893131 is divided by 38?
37
What is the remainder when 8632038 is divided by 26?
12
What is the remainder when 1662098 is divided by 50366?
20
What is the remainder when 8763279 is divided by 2921089?
12
What is the remainder when 200627 is divided by 20057?
57
Calculate the remainder when 5443108 is divided by 175584.
4
What is the remainder when 17470787 is divided by 889?
159
What is the remainder when 1633036 is divided by 119?
118
Calculate the remainder when 9447695 is divided by 1923.
1919
What is the remainder when 139189 is divided by 34741?
225
What is the remainder when 11991084 is divided by 39?
27
Calculate the remainder when 1088466 is divided by 27210.
66
Calculate the remainder when 17097698 is divided by 72.
2
What is the remainder when 4039109 is divided by 5713?
18
What is the remainder when 82980246 is divided by 20?
6
Calculate the remainder when 15281 is divided by 1933.
1750
What is the remainder when 381232 is divided by 2592?
208
What is the remainder when 339536 is divided by 279?
272
What is the remainder when 124060497 is divided by 12282?
15
What is the remainder when 729719 is divided by 243235?
14
Calculate the remainder when 21513 is divided by 21327.
186
What is the remainder when 16183522 is divided by 5394475?
97
What is the remainder when 32472640 is divided by 721614?
10
What is the remainder when 98915632 is divided by 4351?
4349
What is the remainder when 18520591 is divided by 541?
538
What is the remainder when 21414333 is divided by 4282862?
23
Calculate the remainder when 48552599 is divided by 14.
11
Calculate the remainder when 5055703 is divided by 5055602.
101
Calculate the remainder when 18485919 is divided by 124.
123
Calculate the remainder when 187100 is divided by 62180.
560
What is the remainder when 1947641 is divided by 973764?
113
What is the remainder when 574091 is divided by 800?
491
Calculate the remainder when 7672411 is divided by 434.
159
What is the remainder when 44960 is divided by 3471?
3308
What is the remainder when 8587198 is divided by 252562?
90
What is the remainder when 601497 is divided by 163?
27
Calculate the remainder when 7723817 is divided by 888.
881
What is the remainder when 16368519 is divided by 5456150?
69
Calculate the remainder when 261277262 is divided by 27.
17
What is the remainder when 154623 is divided by 54?
21
What is the remainder when 1965635 is divided by 8509?
56
What is the remainder when 1791580 is divided by 447860?
140
Calculate the remainder when 355754 is divided by 151.
149
Calculate the remainder when 309428078 is divided by 28.
22
What is the remainder when 73235 is divided by 596?
523
What is the remainder when 5176575 is divided by 304504?
7
Calculate the remainder when 30220820 is divided by 1888801.
4
What is the remainder when 126603 is divided by 719?
59
Calculate the remainder when 14420259 is divided by 1450.
9
What is the remainder when 7709257 is divided by 49?
38
What is the remainder when 4031373 is divided by 8?
5
What is the remainder when 420830 is divided by 3311?
333
Calculate the remainder when 727054 is divided by 1234.
228
Calculate the remainder when 459935 is divided by 459933.
2
Calculate the remainder when 344261 is divided by 9568.
9381
What is the remainder when 8033058 is divided by 1038?
1014
What is the remainder when 507049 is divided by 440?
169
Calculate the remainder when 1623054 is divided by 161.
13
Calculate the remainder when 2917932 is divided by 10167.
3
Calculate the remainder when 157667 is divided by 1790.
147
What is the remainder when 519382 is divided by 1523?
39
Calculate the remainder when 1973358 is divided by 197315.
208
What is the remainder when 102746714 is divided by 682?
4
Calculate the remainder when 835343 is divided by 107.
101
What is the remainder when 32027842 is divided by 23?
20
What is the remainder when 11983373 is divided by 3994457?
2
What is the remainder when 992974 is divided by 8710?
34
What is the remainder when 784000 is divided by 261279?
163
Calculate the remainder when 19621 is divided by 2043.
1234
Calculate the remainder when 7085338 is divided by 1546.
20
Calculate the remainder when 47872 is divided by 47246.
626
Calculate the remainder when 248876 is divided by 49725.
251
What is the remainder when 24225811 is divided by 2138?
133
Calculate the remainder when 2848989 is divided by 1643.
27
What is the remainder when 24589823 is divided by 725?
723
What is the remainder when 48165 is divided by 7800?
1365
Calculate the remainder when 52171 is divided by 25582.
1007
Calculate the remainder when 212921622 is divided by 212921606.
16
What is the remainder when 34398704 is divided by 34398700?
4
Calculate the remainder when 1900762 is divided by 2005.
22
Calculate the remainder when 34564 is divided by 2005.
479
What is the remainder when 171858 is divided by 6134?
106
What is the remainder when 1266939 is divided by 522?
45
What is the remainder when 832360 is divided by 6?
4
Calculate the remainder when 783979 is divided by 261293.
100
Calculate the remainder when 4359018 is divided by 18.
12
Calculate the remainder when 33097680 is divided by 83580.
0
Calculate the remainder when 1676943 is divided by 79.
10
Calculate the remainder when 638980 is divided by 2180.
240
Calculate the remainder when 147535999 is divided by 44.
39
What is the remainder when 29999133 is divided by 247?
242
Calculate the remainder when 553869 is divided by 138458.
37
Calculate the remainder when 390030 is divided by 558.
546
What is the remainder when 8154764 is divided by 23?
22
What is the remainder when 16335774 is divided by 29?
16
Calculate the remainder when 1292659 is divided by 54.
7
What is the remainder when 19649886 is divided by 1719?
1716
Calculate the remainder when 2446860 is divided by 18.
12
What is the remainder when 2198540 is divided by 290?
50
What is the remainder when 2875907 is divided by 1437917?
73
What is the remainder when 8371893 is divided by 2127?
21
What is the remainder when 294864680 is divided by 5138?
5136
Calculate the remainder when 381698 is divided by 220.
2